Is 5337307 prime?
True
Is 26623603 a composite number?
False
Is 150979787 prime?
False
Is 3594263 a prime number?
False
Is 1690831 composite?
False
Is 10916483 a composite number?
False
Is 7669853 a composite number?
True
Is 35913431 a composite number?
False
Is 21605293 prime?
True
Is 53022539 a composite number?
False
Is 38732329 a composite number?
True
Is 11297387 composite?
False
Is 27771059 prime?
False
Is 3134161 composite?
True
Is 193853213 prime?
True
Is 39828895 a composite number?
True
Is 82936759 a prime number?
False
Is 1419713 composite?
False
Is 4152737 a composite number?
False
Is 8492303 a prime number?
True
Is 2414978 prime?
False
Is 222352318 composite?
True
Is 203467639 prime?
False
Is 59587777 prime?
True
Is 6906631 prime?
True
Is 296825461 prime?
True
Is 16499551 a composite number?
False
Is 2446609 prime?
False
Is 1026731 a composite number?
True
Is 35599651 a composite number?
False
Is 1128889 a composite number?
False
Is 555147457 a prime number?
False
Is 27178637 a composite number?
True
Is 1825553 a prime number?
True
Is 23988407 a prime number?
True
Is 6092573 prime?
True
Is 863509 prime?
True
Is 92971271 composite?
True
Is 55299887 a prime number?
True
Is 29827919 a prime number?
False
Is 13875847 a composite number?
False
Is 24550495 a composite number?
True
Is 11587469 composite?
True
Is 15639317 a composite number?
False
Is 2879131 prime?
True
Is 138101737 prime?
True
Is 4906301 prime?
True
Is 12589923 prime?
False
Is 35134067 composite?
True
Is 7526833 composite?
False
Is 2225207 a composite number?
True
Is 10192139 a prime number?
True
Is 91185001 a composite number?
True
Is 7573037 a prime number?
True
Is 8051179 a composite number?
True
Is 126442373 a prime number?
True
Is 1628303 composite?
True
Is 582541963 composite?
False
Is 3393959 composite?
False
Is 113850861 prime?
False
Is 6028153 prime?
False
Is 32538281 a composite number?
True
Is 56768605 a composite number?
True
Is 346466569 composite?
False
Is 203687 a composite number?
True
Is 234557 a prime number?
False
Is 13876361 prime?
True
Is 90959791 a composite number?
True
Is 25954673 composite?
False
Is 1611413 a prime number?
False
Is 630559 a prime number?
True
Is 403806647 composite?
False
Is 2133217 a prime number?
True
Is 5900899 prime?
False
Is 126751453 a prime number?
False
Is 2239703 a composite number?
False
Is 9821111 a composite number?
True
Is 614177 composite?
False
Is 1244443 prime?
False
Is 12678755 a prime number?
False
Is 254205619 a composite number?
True
Is 761897 a composite number?
False
Is 4832729 prime?
False
Is 98086291 a prime number?
False
Is 30550307 a composite number?
True
Is 3100807 a prime number?
True
Is 575861839 prime?
False
Is 31533709 a prime number?
False
Is 8404761 composite?
True
Is 6413741 a composite number?
False
Is 1502801 a composite number?
False
Is 37368013 composite?
False
Is 1350373 prime?
True
Is 11102087 prime?
True
Is 46585789 composite?
True
Is 382730807 composite?
False
Is 64535866 prime?
False
Is 3925613 a prime number?
True
Is 145440791 prime?
False
Is 60851621 a prime number?
False
Is 281959339 a composite number?
True
Is 57004081 prime?
True
Is 62034571 composite?
False
Is 100654093 a composite number?
True
Is 4313213 a prime number?
False
Is 1360141 composite?
False
Is 697951 a composite number?
False
Is 31014861 prime?
False
Is 1744991 a composite number?
False
Is 26545 a prime number?
False
Is 33979567 a composite number?
False
Is 626392463 composite?
False
Is 21571991 composite?
True
Is 19858511 prime?
False
Is 387307 a prime number?
True
Is 126339657 a composite number?
True
Is 26340001 a prime number?
False
Is 90631129 composite?
False
Is 948223 composite?
True
Is 22002809 a composite number?
False
Is 39413411 prime?
True
Is 16962369 composite?
True
Is 52094279 prime?
False
Is 44281813 a prime number?
True
Is 2060857 composite?
False
Is 10165238 composite?
True
Is 5399486 composite?
True
Is 51473 composite?
False
Is 26844547 prime?
False
Is 18280343 a composite number?
False
Is 3351913 a prime number?
False
Is 171644673 composite?
True
Is 1109269673 a composite number?
False
Is 83433061 prime?
True
Is 494843 a prime number?
True
Is 13433141 composite?
False
Is 317398 a composite number?
True
Is 38031542 prime?
False
Is 3975437 composite?
False
Is 364939 a composite number?
True
Is 91731953 composite?
False
Is 23285023 composite?
False
Is 178679773 a composite number?
False
Is 2405927 a prime number?
False
Is 298046569 prime?
False
Is 27445489 a prime number?
True
Is 51623389 a prime number?
True
Is 1929001 a prime number?
False
Is 216814373 composite?
False
Is 130897191 a prime number?
False
Is 2788447 prime?
True
Is 46476965 composite?
True
Is 14094193 a prime number?
False
Is 5724617 a composite number?
True
Is 522018187 prime?
False
Is 4827579 composite?
True
Is 12888079 a prime number?
True
Is 10847437 prime?
True
Is 1609367 composite?
False
Is 1503886 a prime number?
False
Is 307821 composite?
True
Is 3567049 a composite number?
True
Is 37522943 composite?
False
Is 925139 composite?
True
Is 11393267 a prime number?
True
Is 140143 a composite number?
False
Is 191413 composite?
False
Is 72314713 a composite number?
False
Is 16777183 a composite number?
False
Is 39461951 a composite number?
True
Is 1932149 a composite number?
True
Is 6030949 a composite number?
False
Is 213713 a prime number?
True
Is 34236563 a prime number?
True
Is 26974 a composite number?
True
Is 3686149 composite?
True
Is 2019907 prime?
True
Is 13964263 composite?
True
Is 28538369 composite?
True
Is 6765893 a prime number?
True
Is 106944143 a composite number?
False
Is 19541981 a prime number?
True
Is 10507631 a prime number?
True
Is 2010259 prime?
False
Is 759355 composite?
True
Is 137041771 a composite number?
False
Is 2559021 composite?
True
Is 1202051 prime?
False
Is 9471247 a prime number?
True
Is 574407623 a prime number?
True
Is 890339 composite?
True
Is 451702367 composite?
False
Is 81263029 prime?
True
Is 52994483 a composite number?
False
Is 729527 a composite number?
False
Is 214509601 composite?
True
Is 179467777 composite?
False
Is 92048123 composite?
False
Is 5724673 a composite number?
True
Is 386536217 a prime number?
True
Is 18713059 composite?
True
Is 76772834 a composite number?
True
Is 126421 a composite number?
False
Is 22361641 prime?
True
Is 29074069 composite?
True
Is 3299869 composite?
False
Is 1439460415 composite?
True
Is 4995827 a composite number?
False
Is 14779678 a prime number?
False
Is 2567803 a prime number?
False
Is 31629595 composite?
True
Is 11803669 composite?
True
Is 4063519 a composite number?
True
Is 2586943 prime?
True
Is 621947 prime?
False
Is 119549 a prime number?
True
Is 440489317 a composite number?
False
Is 964891 prime?
False
Is 742831 prime?
False
Is 5910531829 a composite number?
False
Is 6354301 prime?
True
Is 119518359 a composite number?
True
Is 195593593 a composite number?
True
Is 320545 composite?
True
Is 375220961 a prime number?
True
Is 39246371 a prime number?
True
Is 31447009 composite?
True
Is 2308717 prime?
False
Is 12765667 prime?
False
Is 953269 composite?
True
Is 3814903 prime?
True
Is 7879961 composite?
True
Is 35828657 a composite number?
False
Is 891677719 a composite number?
True
Is 129869837 composite?
True
Is 13929569 prime?
False
Is 100630547 a composite number?
False
Is 770097 a prime number?
False
Is 336316247 composite?
True
Is 25284563 a composite number?
False
Is 3952037 prime?
True
Is 15774719 a composite number?
True
Is 10231361 prime?
False
Is 8059937 composite?
False
Is 14503837 a prime number?
False
Is 91009889 prime?
True
Is 94255009 prime?
True
Is 24544097 a prime number?
False
Is 836317 composite?
False
Is 409669891 prime?
False
Is 20756909 composite?
True
Is 52012897 a composite number?
False
Is 113417473 composite?
True
Is 3470261 a composite number?
True
Is 42132491 composite?
False
Is 8334299 a prime number?
True
Is 15961769 composite?
False
Is 1628353 a prime number?
True
Is 33539281 composite?
False
Is 22774361 a prime number?
True
Is 39559873 prime?
True
Is 1010237 a composite number?
False
Is 5234539 a composite number?
True
Is 80199763 composite?
True
Is 1300421 composite?
False
Is 5213537 prime?
False
Is 16734031 a 